 436 divide 1372393628?
False
Is 222 a factor of 136419666?
True
Is 1949009 a multiple of 2?
False
Does 144 divide 57078720?
True
Does 33 divide 2010198488?
False
Is 130 a factor of 77757?
False
Does 10 divide 733322690?
True
Is 295 a factor of 32999649?
False
Is 49611104 a multiple of 2121?
False
Is 39410457 a multiple of 6?
False
Is 7913065 a multiple of 509?
False
Is 70653090 a multiple of 223?
True
Does 5 divide 18174832?
False
Is 1497 a factor of 525087123?
False
Does 605 divide 27511055?
False
Does 11 divide 3902194237?
False
Is 158 a factor of 35958808?
False
Is 6762862 a multiple of 59?
False
Does 4195 divide 35393215?
True
Does 501 divide 6581205639?
True
Is 3966 a factor of 70779088?
False
Does 24 divide 1833370200?
True
Is 5064755 a multiple of 43?
True
Is 9 a factor of 3208573935?
True
Is 58338185 a multiple of 332?
False
Does 490 divide 5359130?
True
Is 1177 a factor of 1707110207?
True
Is 45 a factor of 311139873?
False
Is 218671071 a multiple of 4?
False
Is 64 a factor of 26199710?
False
Is 712693168 a multiple of 16?
True
Is 497 a factor of 66488660?
True
Is 1270984726 a multiple of 118?
True
Is 14 a factor of 1822750285?
False
Is 357 a factor of 594411426?
True
Does 5 divide 5236997?
False
Is 541194562 a multiple of 334?
True
Is 2202744579 a multiple of 49?
True
Is 13 a factor of 582376483?
True
Is 638 a factor of 634528004?
True
Is 5 a factor of 523760?
True
Is 16 a factor of 146042448?
True
Does 42 divide 166682932?
False
Is 106 a factor of 715002570?
False
Is 565 a factor of 252087745?
True
Does 105 divide 59941245?
True
Is 101361789 a multiple of 41?
False
Does 128 divide 1927446400?
True
Does 16 divide 141184?
True
Is 3 a factor of 1688611014?
True
Is 149 a factor of 369136101?
False
Is 937953513 a multiple of 973?
True
Does 13 divide 183719176?
False
Is 65336257 a multiple of 137?
False
Is 85 a factor of 392309821?
False
Is 69266343 a multiple of 5263?
True
Is 1161 a factor of 221294727?
True
Is 160642877 a multiple of 1551?
False
Does 146 divide 10203064?
True
Is 4664994 a multiple of 19?
True
Is 14449364 a multiple of 457?
False
Is 567920988 a multiple of 18?
True
Does 22 divide 178587314?
False
Is 160 a factor of 578835734?
False
Is 346 a factor of 1370116404?
True
Is 111 a factor of 22569630?
True
Does 16 divide 106239377?
False
Does 172 divide 39519408?
True
Does 978 divide 316024479?
False
Is 285754845 a multiple of 27?
False
Is 49 a factor of 39543305?
False
Does 9 divide 1257837009?
False
Is 39 a factor of 17906075?
False
Is 12168803 a multiple of 3?
False
Does 145 divide 7058311?
False
Is 28 a factor of 219111452?
True
Is 692 a factor of 71196639?
False
Does 25 divide 1265493750?
True
Is 16790964 a multiple of 186?
True
Is 876563163 a multiple of 119?
True
Is 8599377 a multiple of 921?
True
Is 30229675 a multiple of 35?
True
Does 27 divide 864905769?
True
Is 950 a factor of 93125983?
False
Does 9 divide 174072991?
False
Does 7409 divide 5883827714?
True
Does 42 divide 1066968?
True
Is 5 a factor of 102304818?
False
Is 7020287 a multiple of 415?
False
Is 72718278 a multiple of 302?
True
Is 67288074 a multiple of 34?
True
Is 44 a factor of 3630755568?
True
Is 105218131 a multiple of 8?
False
Is 870905963 a multiple of 65?
False
Is 715401069 a multiple of 3471?
False
Is 3708584 a multiple of 187?
True
Is 29428188 a multiple of 337?
True
Is 5 a factor of 40241960?
True
Is 11 a factor of 599465702?
True
Is 55 a factor of 19388796?
False
Is 5 a factor of 22188159?
False
Is 2022775218 a multiple of 857?
False
Does 100 divide 6489000?
True
Is 478117720 a multiple of 17?
False
Is 18551145 a multiple of 6183?
False
Is 14738848 a multiple of 2953?
False
Is 145 a factor of 7339755?
True
Does 13 divide 66682233?
False
Does 113 divide 79417643?
True
Does 1050 divide 82659150?
True
Does 119 divide 466350174?
False
Does 863 divide 71220801?
True
Does 4686 divide 288372564?
False
Is 79 a factor of 16202947?
False
Does 281 divide 576070513?
True
Is 994994168 a multiple of 5362?
True
Does 3814 divide 177827750?
True
Is 2126710911 a multiple of 377?
True
Is 3105280 a multiple of 564?
False
Is 1566 a factor of 1678676454?
False
Is 11093415 a multiple of 5?
True
Is 26 a factor of 25504726?
True
Does 1228 divide 849003588?
True
Is 1306260169 a multiple of 27?
False
Does 19 divide 805083323?
False
Is 26 a factor of 190430493?
False
Is 59 a factor of 164893672?
True
Is 23743901 a multiple of 317?
False
Is 9140860 a multiple of 16?
False
Is 2462 a factor of 104084588?
False
Is 582975463 a multiple of 611?
False
Is 67160190 a multiple of 6?
True
Is 266 a factor of 309717899?
False
Does 28 divide 21364588?
True
Is 10 a factor of 303655560?
True
Is 999 a factor of 128382489?
True
Is 5912783866 a multiple of 142?
True
Is 3162518159 a multiple of 12173?
False
Is 64 a factor of 7762147065?
False
Does 1009 divide 50416998?
False
Is 343 a factor of 24005541?
True
Is 18 a factor of 470198013?
False
Is 1246 a factor of 95979380?
True
Is 90 a factor of 264534210?
True
Is 326115197 a multiple of 1973?
True
Does 1774 divide 26290567?
False
Does 2894 divide 359857079?
False
Is 2103549702 a multiple of 62?
True
Is 390826873 a multiple of 4170?
False
Is 6206600 a multiple of 10?
True
Is 406 a factor of 1529536422?
False
Is 20 a factor of 9429640?
True
Is 1471 a factor of 1669219692?
False
Is 67 a factor of 36683060?
False
Is 29124372 a multiple of 27?
False
Is 305629140 a multiple of 16?
False
Is 9 a factor of 137822823?
True
Is 1075839204 a multiple of 3531?
True
Is 2276 a factor of 33803152?
True
Is 102426000 a multiple of 15?
True
Does 1207 divide 17038779?
False
Does 7341 divide 60450493?
False
Does 454 divide 33477495?
False
Is 12 a factor of 7018041?
False
Is 129078144 a multiple of 1152?
True
Is 1558 a factor of 137608792?
True
Is 199 a factor of 18054076?
True
Does 15 divide 4837081767?
False
Does 23 divide 3411039890?
False
Is 6500 a factor of 819946517?
False
Is 77923209 a multiple of 170?
False
Does 975 divide 19061772?
False
Does 77 divide 1669042114?
False
Is 9 a factor of 154617012?
True
Is 714 a factor of 104301834?
True
Is 2891 a factor of 51050284?
False
Does 407 divide 230010352?
True
Does 90 divide 156066300?
True
Does 224 divide 192333368?
False
Does 241 divide 1385918700?
True
Is 569 a factor of 93984691?
False
Does 19 divide 71440589?
True
Does 11 divide 1380553365?
False
Does 8 divide 1267780198?
False
Is 175 a factor of 191455600?
True
Does 271 divide 25518082?
False
Does 18 divide 254788362?
True
Does 299 divide 21522618?
True
Is 1993 a factor of 69370351?
True
Is 314268588 a multiple of 9?
True
Is 19 a factor of 136383759?
False
Is 349974831 a multiple of 3243?
True
Does 181 divide 15049064?
True
Is 36879419 a multiple of 67?
False
Is 662074590 a multiple of 2458?
True
Is 105 a factor of 26953257?
False
Is 602196238 a multiple of 518?
True
Does 339 divide 9372672?
True
Is 698516128 a multiple of 136?
True
Is 171957024 a multiple of 18?
True
Does 87 divide 22457919?
True
Does 19 divide 1142330464?
True
Does 28 divide 54969236?
True
Is 98875500 a multiple of 300?
True
Is 1139021235 a multiple of 165?
True
Is 2833096631 a multiple of 7201?
True
Is 1477 a factor of 43229374?
False
Does 1107 divide 170668404?
True
Is 302440626 a multiple of 315?
False
Is 19118564 a multiple of 9?
False
Is 21 a factor of 446114193?
True
Is 17 a factor of 91687716?
False
Is 973812052 a multiple of 8306?
True
Is 371049104 a multiple of 87?
False
Is 3958879375 a multiple of 312?
False
Does 143 divide 1894054162?
True
Is 11 a factor of 78450361?
True
Does 12 divide 38433624?
True
Is 2142365 a multiple of 5?
True
Is 297003937 a multiple of 61?
True
Is 40 a factor of 437000?
True
Is 1095 a factor of 31920599?
False
Is 77 a factor of 77299119?
False
Is 85330845 a multiple of 76?
False
Does 10 divide 26712940?
True
Does 2608 divide 35390560?
True
Does 795 divide 155508360?
True
Is 26415576 a multiple of 44?
True
Is 27 a factor of 422537418?
True
Is 739192248 a multiple of 5433?
True
Does 32 divide 55475847?
False
Is 3978380 a multiple of 4?
True
Is 17 a factor of 8205?
False
Is 400714725 a multiple of 177?
True
Is 2311822014 a multiple of 106?
False
Does 10 divide 7091774764?
False
Does 11 divide 78094203?
True
Is 63183660 a multiple of 92?
False
Does 1